
7, 11, 1096477
What are the prime factors of 7017239210?
2, 5, 701723921
What are the prime factors of 166014422?
2, 7, 509, 23297
List the prime factors of 827268824.
2, 17, 61, 99719
What are the prime factors of 3649074422?
2, 7, 113, 2306621
What are the prime factors of 3374856567?
3, 53, 751, 9421
What are the prime factors of 160558133?
37, 521, 8329
What are the prime factors of 572688019?
572688019
What are the prime factors of 369459093?
3, 123153031
List the prime factors of 29653034.
2, 19, 780343
List the prime factors of 122498522.
2, 107, 572423
List the prime factors of 1378190653.
7, 31, 181, 35089
What are the prime factors of 96746396?
2, 24186599
What are the prime factors of 333966689?
7, 31, 41, 37537
What are the prime factors of 91532659?
59, 281, 5521
List the prime factors of 72085720.
2, 5, 7, 101, 2549
List the prime factors of 260915420.
2, 5, 67, 194713
What are the prime factors of 1469575184?
2, 7, 11, 1192837
What are the prime factors of 483851214?
2, 3, 7, 11, 349099
What are the prime factors of 128903689?
128903689
List the prime factors of 6157687.
83, 74189
List the prime factors of 37427113.
569, 65777
What are the prime factors of 51963395?
5, 11, 83, 11383
What are the prime factors of 58544991?
3, 17, 127549
List the prime factors of 247452214.
2, 123726107
What are the prime factors of 2239251289?
11, 19, 811, 1201
What are the prime factors of 33790722?
2, 3, 7, 804541
List the prime factors of 719090637.
3, 127, 163, 11579
What are the prime factors of 348176766?
2, 3, 7, 1669, 4967
List the prime factors of 2526740988.
2, 3, 210561749
What are the prime factors of 392175369?
3, 23, 269, 7043
What are the prime factors of 767113972?
2, 31, 1759, 3517
List the prime factors of 2102705314.
2, 5641, 186377
What are the prime factors of 59124032?
2, 11, 83983
What are the prime factors of 167816278?
2, 7, 1712411
What are the prime factors of 4768130108?
2, 7, 853, 199637
What are the prime factors of 624587692?
2, 281, 555683
List the prime factors of 3602266560.
2, 3, 5, 41, 10169
What are the prime factors of 189577452?
2, 3, 1747, 9043
What are the prime factors of 644140118?
2, 322070059
What are the prime factors of 1495592021?
7, 11, 19423273
What are the prime factors of 259854829?
13, 19988833
List the prime factors of 2922284529.
3, 67, 191, 25373
What are the prime factors of 45842782?
2, 19, 97, 12437
What are the prime factors of 98035027?
98035027
What are the prime factors of 1336326934?
2, 12791, 52237
What are the prime factors of 195161583?
3, 65053861
List the prime factors of 75297484.
2, 41, 293, 1567
List the prime factors of 56704749.
3, 1783, 10601
What are the prime factors of 1302236028?
2, 3, 148861
List the prime factors of 71920393.
929, 77417
What are the prime factors of 2982188270?
2, 5, 298218827
List the prime factors of 24480923.
1283, 19081
List the prime factors of 1148136973.
17, 37, 1825337
What are the prime factors of 541656177?
3, 151, 1195709
What are the prime factors of 2062268429?
13, 158636033
List the prime factors of 15275988.
2, 3, 7, 13, 4663
What are the prime factors of 1038308775?
3, 5, 7, 359, 787
What are the prime factors of 100687651?
17, 53, 111751
What are the prime factors of 132491750?
2, 5, 19, 27893
List the prime factors of 273348349.
273348349
What are the prime factors of 4760369722?
2, 2380184861
List the prime factors of 3429325417.
7, 101, 692933
What are the prime factors of 40939316?
2, 11, 37, 25147
List the prime factors of 3069396497.
199, 701, 22003
What are the prime factors of 485943104?
2, 31, 7901
What are the prime factors of 90416320?
2, 5, 59, 4789
What are the prime factors of 267787920?
2, 3, 5, 31, 35993
List the prime factors of 27663145.
5, 19, 291191
List the prime factors of 1641012928.
2, 1151, 22277
List the prime factors of 1390796861.
1390796861
List the prime factors of 1534391750.
2, 5, 6137567
What are the prime factors of 907314994?
2, 23, 41, 139, 3461
What are the prime factors of 410384459?
53, 137, 56519
What are the prime factors of 2556127188?
2, 3, 6029, 11777
List the prime factors of 2911171734.
2, 3, 161731763
What are the prime factors of 1246416598?
2, 7, 23, 1327, 2917
List the prime factors of 2335460237.
11, 31, 6848857
What are the prime factors of 16462890?
2, 3, 5, 182921
List the prime factors of 36913577.
2969, 12433
List the prime factors of 94558377.
3, 31519459
What are the prime factors of 16507006?
2, 1051, 7853
What are the prime factors of 507258093?
3, 73, 2316247
List the prime factors of 222025494.
2, 3, 199, 185951
List the prime factors of 4009897197.
3, 148514711
List the prime factors of 6476901.
3, 263, 8209
What are the prime factors of 710612169?
3, 6337, 37379
What are the prime factors of 446190828?
2, 3, 37182569
What are the prime factors of 4073386?
2, 2036693
List the prime factors of 1733593285.
5, 346718657
What are the prime factors of 849342396?
2, 3, 7, 1201, 8419
What are the prime factors of 1101907888?
2, 19, 3624697
List the prime factors of 59713615.
5, 13, 70667
List the prime factors of 82061238.
2, 3, 7, 1953839
What are the prime factors of 4208233602?
2, 3, 53, 107, 123677
What are the prime factors of 160087089?
3, 53362363
What are the prime factors of 336269426?
2, 168134713
List the prime factors of 101928237.
3, 2593, 13103
What are the prime factors of 420533584?
2, 26283349
What are the prime factors of 1152447231?
3, 13, 293, 100853
What are the prime factors of 581456616?
2, 3, 13, 317, 5879
What are the prime factors of 6331511559?
3, 199, 10605547
List the prime factors of 210832708.
2, 17, 569, 5449
List the prime factors of 14407624.
2, 7, 11, 19, 1231
List the prime factors of 1679973043.
7, 139, 1726591
What are the prime factors of 42613323?
3, 631, 22511
List the prime factors of 115735255.
5, 23147051
What are the prime factors of 1803845742?
2, 3, 173, 1737809
List the prime factors of 1486683797.
1601, 928597
What are the prime factors of 347398960?
2, 5, 4342487
List the prime factors of 579484952.
2, 19, 173, 22037
What are the prime factors of 1508272528?
2, 7, 274831
List the prime factors of 26200037.
3301, 7937
List the prime factors of 141475781.
47, 3010123
What are the prime factors of 56362236?
2, 3, 7, 23, 29173
What are the prime factors of 77135428?
2, 19283857
What are the prime factors of 72260702?
2, 89, 405959
List the prime factors of 4222920701.
4222920701
What are the prime factors of 172680275?
5, 6907211
What are the prime factors of 539503956?
2, 3, 37, 79, 1709
What are the prime factors of 112871161?
13, 29, 299393
List the prime factors of 65842096.
2, 4115131
List the prime factors of 641668859.
13, 17, 2903479
What are the prime factors of 87036738?
2, 3, 23, 630701
What are the prime factors of 47691351?
3, 23, 230393
List the prime factors of 234281518.
2, 53, 857, 2579
List the prime factors of 451065978.
2, 3, 11, 73, 2837
What are the prime factors of 92346100?
2, 5, 7, 11, 67, 179
List the prime factors of 2144888042.
2, 11, 227, 307, 1399
What are the prime factors of 146466754?
2, 7, 31, 281, 1201
List the prime factors of 4508786921.
4508786921
List the prime factors of 3753130195.
5, 10853, 69163
List the prime factors of 1364848066.
2, 1009, 676337
List the prime factors of 558360749.
558360749
List the prime factors of 2728881532.
2, 13, 1499, 2693
What are the prime factors of 345355963?
345355963
What are the prime factors of 216796918?
2, 13, 641411
What are the prime factors of 2264331876?
2, 3, 23, 8204101
What are the prime factors of 749533845?
3, 5, 49968923
List the prime factors of 2692191081.
3, 897397027
List the prime factors of 27387114.
2, 3, 53, 71, 1213
What are the prime factors of 356612719?
101, 3530819
List the prime factors of 285379252.
2, 6089, 11717
What are the prime factors of 41502240?
2, 3, 5, 13, 739
What are the prime factors of 48761244?
2, 3, 7, 64499
List the prime factors of 208411180.
2, 5, 10420559
List the prime factors of 201131102.
2, 2027, 49613
What are the prime factors of 956682106?
2, 17, 239, 117731
What are the prime factors of 15901583?
15901583
List the prime factors of 42033591.
3, 37, 126227
What are the prime factors of 72473282?
2, 